{"id":669,"date":"2021-06-07T02:41:06","date_gmt":"2021-06-07T02:41:06","guid":{"rendered":"https:\/\/englishreally.org\/?page_id=669"},"modified":"2021-06-07T03:00:54","modified_gmt":"2021-06-07T03:00:54","slug":"conocenos","status":"publish","type":"page","link":"https:\/\/englishreally.org\/index.php\/conocenos\/","title":{"rendered":"Con\u00f3cenos"},"content":{"rendered":"\n<div class=\"wp-block-image\"><figure class=\"aligncenter size-large\"><img loading=\"lazy\" width=\"600\" height=\"338\" src=\"https:\/\/englishreally.org\/wp-content\/uploads\/2021\/06\/education-day-assortment-with-copy-space-Copy.jpg\" alt=\"\" class=\"wp-image-670\" srcset=\"https:\/\/englishreally.org\/wp-content\/uploads\/2021\/06\/education-day-assortment-with-copy-space-Copy.jpg 600w, https:\/\/englishreally.org\/wp-content\/uploads\/2021\/06\/education-day-assortment-with-copy-space-Copy-300x169.jpg 300w\" sizes=\"(max-width: 600px) 100vw, 600px\" \/><\/figure><\/div>\n\n\n\n<p>Con m\u00e1s de 30 a\u00f1os de ense\u00f1anza, hemos desarrollado un m\u00e9todo cronol\u00f3gico muy f\u00e1cil de entender y que a su vez nos ayuda a identificar errores para corregir pronunciaci\u00f3n o gram\u00e1tica.<\/p>\n\n\n\n<p>El curso&nbsp; es apto para todas las edades ya que se adapta a las necesidades de expresi\u00f3n de cada individuo, es ideal para profesionistas o estudiantes de educaci\u00f3n media superior que tienen que acreditar un examen o realizar actividades laborales con otros pa\u00edses.<\/p>\n\n\n\n<p>El avance es notable tras cada sesi\u00f3n lo que ayuda a desarrollar una confianza al expresarse en el idioma.<\/p>\n\n\n\n<p>En sus inicios <span class=\"has-inline-color has-vivid-cyan-blue-color\"><strong>English Really<\/strong><\/span> solo impart\u00eda clases a profesionistas y zona industrial, pero los estudiantes en ese momento insistieron en inscribir a sus hijos, los resultados fueron contundentes logrando puntuaciones de 580 y 600 puntos en ex\u00e1menes como <strong>TOEFL<\/strong> o<strong> IELTS<\/strong>, desde entonces la escuela abri\u00f3 sus puertas al publico en general  <\/p>\n\n\n\n<p><a href=\"https:\/\/englishreally.org\/index.php\/cursodeingles\/\">\u00bfTe gustar\u00eda saber costos y horarios?\u00a0<\/a>\u00a0<br>Comun\u00edcate con nosotros y con mucho gusto uno de nuestros asesores te brindar\u00e1 la informaci\u00f3n<\/p>\n\n\n<div class=\"wpforms-container wpforms-container-full\" id=\"wpforms-682\"><form id=\"wpforms-form-682\" class=\"wpforms-validate wpforms-form\" data-formid=\"682\" method=\"post\" enctype=\"multipart\/form-data\" action=\"\/index.php\/wp-json\/wp\/v2\/pages\/669\" data-token=\"8a99006aa52af59eef4d3251942a56d1\"><noscript class=\"wpforms-error-noscript\">Por favor, activa JavaScript en tu navegador para completar este formulario.<\/noscript><div class=\"wpforms-field-container\"><div id=\"wpforms-682-field_0-container\" class=\"wpforms-field wpforms-field-name\" data-field-id=\"0\"><label class=\"wpforms-field-label\" for=\"wpforms-682-field_0\">Nombre <span class=\"wpforms-required-label\">*<\/span><\/label><div class=\"wpforms-field-row wpforms-field-medium\"><div class=\"wpforms-field-row-block wpforms-first wpforms-one-half\"><input type=\"text\" id=\"wpforms-682-field_0\" class=\"wpforms-field-name-first wpforms-field-required\" name=\"wpforms[fields][0][first]\" required><label for=\"wpforms-682-field_0\" class=\"wpforms-field-sublabel after \">Nombre<\/label><\/div><div class=\"wpforms-field-row-block wpforms-one-half\"><input type=\"text\" id=\"wpforms-682-field_0-last\" class=\"wpforms-field-name-last wpforms-field-required\" name=\"wpforms[fields][0][last]\" required><label for=\"wpforms-682-field_0-last\" class=\"wpforms-field-sublabel after \">Apellidos<\/label><\/div><\/div><\/div><div id=\"wpforms-682-field_1-container\" class=\"wpforms-field wpforms-field-email\" data-field-id=\"1\"><label class=\"wpforms-field-label\" for=\"wpforms-682-field_1\">Correo electr\u00f3nico <span class=\"wpforms-required-label\">*<\/span><\/label><input type=\"email\" id=\"wpforms-682-field_1\" class=\"wpforms-field-medium wpforms-field-required\" name=\"wpforms[fields][1]\" required><\/div><div id=\"wpforms-682-field_2-container\" class=\"wpforms-field wpforms-field-textarea\" data-field-id=\"2\"><label class=\"wpforms-field-label\" for=\"wpforms-682-field_2\">Comentario o mensaje <span class=\"wpforms-required-label\">*<\/span><\/label><textarea id=\"wpforms-682-field_2\" class=\"wpforms-field-medium wpforms-field-required\" name=\"wpforms[fields][2]\" required><\/textarea><\/div><\/div><div class=\"wpforms-submit-container\" ><input type=\"hidden\" name=\"wpforms[id]\" value=\"682\"><input type=\"hidden\" name=\"wpforms[author]\" value=\"1\"><button type=\"submit\" name=\"wpforms[submit]\" class=\"wpforms-submit \" id=\"wpforms-submit-682\" value=\"wpforms-submit\" aria-live=\"assertive\" data-alt-text=\"Enviando...\" data-submit-text=\"Enviar\">Enviar<\/button><\/div><\/form><\/div>  <!-- .wpforms-container -->","protected":false},"excerpt":{"rendered":"<p>Con m\u00e1s de 30 a\u00f1os de ense\u00f1anza, hemos desarrollado un m\u00e9todo cronol\u00f3gico muy f\u00e1cil de entender y que a su vez nos ayuda a identificar errores para corregir pronunciaci\u00f3n o gram\u00e1tica. El curso&nbsp; es apto para todas las edades ya que se adapta a las necesidades de expresi\u00f3n de cada individuo, es ideal para profesionistas &hellip; <a href=\"https:\/\/englishreally.org\/index.php\/conocenos\/\">Seguir leyendo <span class=\"meta-nav\">&rarr;<\/span><\/a><\/p>\n","protected":false},"author":1,"featured_media":0,"parent":0,"menu_order":0,"comment_status":"closed","ping_status":"closed","template":"","meta":{"om_disable_all_campaigns":false,"_monsterinsights_skip_tracking":false,"_monsterinsights_sitenote_active":false,"_monsterinsights_sitenote_note":"","_monsterinsights_sitenote_category":0},"_links":{"self":[{"href":"https:\/\/englishreally.org\/index.php\/wp-json\/wp\/v2\/pages\/669"}],"collection":[{"href":"https:\/\/englishreally.org\/index.php\/wp-json\/wp\/v2\/pages"}],"about":[{"href":"https:\/\/englishreally.org\/index.php\/wp-json\/wp\/v2\/types\/page"}],"author":[{"embeddable":true,"href":"https:\/\/englishreally.org\/index.php\/wp-json\/wp\/v2\/users\/1"}],"replies":[{"embeddable":true,"href":"https:\/\/englishreally.org\/index.php\/wp-json\/wp\/v2\/comments?post=669"}],"version-history":[{"count":2,"href":"https:\/\/englishreally.org\/index.php\/wp-json\/wp\/v2\/pages\/669\/revisions"}],"predecessor-version":[{"id":683,"href":"https:\/\/englishreally.org\/index.php\/wp-json\/wp\/v2\/pages\/669\/revisions\/683"}],"wp:attachment":[{"href":"https:\/\/englishreally.org\/index.php\/wp-json\/wp\/v2\/media?parent=669"}],"curies":[{"name":"wp","href":"https:\/\/api.w.org\/{rel}","templated":true}]}}