{"id":5250,"date":"2023-01-25T15:42:29","date_gmt":"2023-01-25T15:42:29","guid":{"rendered":"https:\/\/englishreally.org\/?page_id=5250"},"modified":"2023-07-28T01:42:40","modified_gmt":"2023-07-28T01:42:40","slug":"vocabularios-nivel-1","status":"publish","type":"page","link":"https:\/\/englishreally.org\/index.php\/vocabularios-nivel-1\/","title":{"rendered":"Vocabularios nivel 1"},"content":{"rendered":"\n<p><a href=\"https:\/\/englishreally.org\/index.php\/2023\/01\/25\/leccion-2-2\/\" title=\"Lecci\u00f3n 2\">Lecci\u00f3n 2<\/a><br><a href=\"https:\/\/englishreally.org\/index.php\/2023\/01\/26\/leccion-3\/\" title=\"Lecci\u00f3n 3\">Lecci\u00f3n 3<\/a><br><a href=\"https:\/\/englishreally.org\/index.php\/2023\/01\/26\/leccion-4\/\" title=\"Lecci\u00f3n 4\">Lecci\u00f3n 4<\/a><br><a href=\"https:\/\/englishreally.org\/index.php\/2023\/01\/26\/leccion-5\/\" title=\"Lecci\u00f3n 5\">Lecci\u00f3n 5<\/a><br><a href=\"https:\/\/englishreally.org\/index.php\/2023\/01\/26\/leccion-6-2\/\" title=\"Lecci\u00f3n 6\">Lecci\u00f3n 6<\/a><br><a href=\"https:\/\/englishreally.org\/index.php\/2023\/01\/27\/leccion-7-2\/\" title=\"Lecci\u00f3n 7\">Lecci\u00f3n 7<\/a><br><a href=\"https:\/\/englishreally.org\/index.php\/2023\/01\/29\/leccion-8\/\" title=\"Lecci\u00f3n 8\">Lecci\u00f3n 8<\/a><br><a href=\"https:\/\/englishreally.org\/index.php\/2023\/01\/31\/leccion-9\/\" title=\"Lecci\u00f3n 9\">Lecci\u00f3n 9<\/a><br><a href=\"https:\/\/englishreally.org\/index.php\/2023\/02\/02\/leccion-10\/\" title=\"Lecci\u00f3n 10\">Lecci\u00f3n 10<\/a><br><a href=\"https:\/\/englishreally.org\/index.php\/2023\/02\/03\/leccion-11\/\" title=\"Lecci\u00f3n 11\">Lecci\u00f3n 11<\/a><br><a href=\"https:\/\/englishreally.org\/index.php\/2023\/02\/12\/leccion-12\/\" title=\"Lecci\u00f3n 12\">Lecci\u00f3n 12<\/a><br><a href=\"https:\/\/englishreally.org\/index.php\/2023\/02\/16\/vocabulario-13\/\" title=\"Lecci\u00f3n 13\">Lecci\u00f3n 13<\/a><br><a href=\"https:\/\/englishreally.org\/index.php\/2023\/02\/17\/leccion-14\/\" title=\"Lecci\u00f3n 14\">Lecci\u00f3n 14<\/a><br><a href=\"https:\/\/englishreally.org\/index.php\/2023\/02\/27\/leccion-15\/\" title=\"Lecci\u00f3n 15\">Lecci\u00f3n 15<\/a><br><a href=\"https:\/\/englishreally.org\/index.php\/2023\/02\/28\/leccion-16\/\" title=\"Lecci\u00f3n 16\">Lecci\u00f3n 16<\/a><br><a href=\"https:\/\/englishreally.org\/index.php\/2023\/06\/23\/leccion-17\/\" title=\"Lecci\u00f3n 17\">Lecci\u00f3n 17<\/a><br><a href=\"https:\/\/englishreally.org\/index.php\/2023\/07\/03\/leccion-18\/\" title=\"Lecci\u00f3n 18\">Lecci\u00f3n 18<\/a><br><a href=\"https:\/\/englishreally.org\/index.php\/2023\/07\/24\/leccion-19\/\" title=\"Lecci\u00f3n 19\">Lecci\u00f3n 19<\/a><br><a href=\"https:\/\/englishreally.org\/index.php\/2023\/07\/27\/leccion-20\/\" title=\"Lecci\u00f3n 20\">Lecci\u00f3n 20<\/a><\/p>\n","protected":false},"excerpt":{"rendered":"<p>Lecci\u00f3n 2Lecci\u00f3n 3Lecci\u00f3n 4Lecci\u00f3n 5Lecci\u00f3n 6Lecci\u00f3n 7Lecci\u00f3n 8Lecci\u00f3n 9Lecci\u00f3n 10Lecci\u00f3n 11Lecci\u00f3n 12Lecci\u00f3n 13Lecci\u00f3n 14Lecci\u00f3n 15Lecci\u00f3n 16Lecci\u00f3n 17Lecci\u00f3n 18Lecci\u00f3n 19Lecci\u00f3n 20<\/p>\n","protected":false},"author":1,"featured_media":0,"parent":0,"menu_order":0,"comment_status":"closed","ping_status":"closed","template":"","meta":{"om_disable_all_campaigns":false,"_monsterinsights_skip_tracking":false,"_monsterinsights_sitenote_active":false,"_monsterinsights_sitenote_note":"","_monsterinsights_sitenote_category":0},"_links":{"self":[{"href":"https:\/\/englishreally.org\/index.php\/wp-json\/wp\/v2\/pages\/5250"}],"collection":[{"href":"https:\/\/englishreally.org\/index.php\/wp-json\/wp\/v2\/pages"}],"about":[{"href":"https:\/\/englishreally.org\/index.php\/wp-json\/wp\/v2\/types\/page"}],"author":[{"embeddable":true,"href":"https:\/\/englishreally.org\/index.php\/wp-json\/wp\/v2\/users\/1"}],"replies":[{"embeddable":true,"href":"https:\/\/englishreally.org\/index.php\/wp-json\/wp\/v2\/comments?post=5250"}],"version-history":[{"count":22,"href":"https:\/\/englishreally.org\/index.php\/wp-json\/wp\/v2\/pages\/5250\/revisions"}],"predecessor-version":[{"id":6986,"href":"https:\/\/englishreally.org\/index.php\/wp-json\/wp\/v2\/pages\/5250\/revisions\/6986"}],"wp:attachment":[{"href":"https:\/\/englishreally.org\/index.php\/wp-json\/wp\/v2\/media?parent=5250"}],"curies":[{"name":"wp","href":"https:\/\/api.w.org\/{rel}","templated":true}]}}